).
-4
What is (0 + 9 - 3) + (1 - 3)?
4
What is the value of (5 - 8) + (19 - 2 - 5)?
9
Calculate (-19 - -19) + -1 + 2.
1
-3 + (12 - 2) + -4
3
What is the value of 7 - (-5 + 6 + 0 - 0)?
6
Evaluate -6 + 6 + 0 + (-2 - 4).
-6
What is (1 - (1 - (9 + -4))) + -14?
-9
-3 - -1 - (0 + 3 + -4)
-1
What is the value of 100 - 94 - (2 - 3 - -10)?
-3
-1 + (-3 - -5) + 2
3
What is the value of -1 + 0 + 0 + 5 + 1?
5
What is the value of -1 + -3 + -3 - -12?
5
Calculate -1 + 1 + 0 - (-6 + 4).
2
Evaluate (5 - -3) + (13 - 14).
7
What is the value of 0 - ((-2 - -3) + 4 + -1)?
-4
(5 - -1) + -10 - -6
2
Calculate -2 - (-5 - (-5 + -3 - -4)).
-1
What is the value of -46 + 45 - (0 - -1)?
-2
What is the value of (2 - -10) + (12 - (18 + -3))?
9
What is 4 + (-4 - (2 + -1)) - 5?
-6
Evaluate -3 + (-6 - -12) + (7 - 0).
10
What is the value of -3 - (3 - (6 + 2))?
2
Calculate -2 - (1 - -5 - 6).
-2
What is the value of 8 + (4 - (9 - 0))?
3
What is (-4 + -12 - -8) + 10 - 10?
-8
Evaluate -1 - (4 + -12 + 0 + 2).
5
What is (-3 - -5 - 2) + (0 - -4)?
4
What is 5 - (-3 + 1 + 4 + 1)?
2
What is the value of 0 + (10 + -12 - 6)?
-8
What is -9 + 0 + -10 + (-5 - -18)?
-6
Evaluate 0 + 9 - (-5 + 9).
5
Evaluate -1 - (-10 + 6 - 1).
4
Calculate (-6 + 9 - 4) + 2.
1
-11 - ((-5 - 1) + 39 + -37)
-7
Calculate (-3 - (9 - 0)) + (5 - 4).
-11
Calculate 0 - (-1 + (4 - 1) - 2).
0
What is -3 + -1 - (48 - 47)?
-5
What is the value of -5 + (0 - -11 - (3 - -3))?
0
Calculate (-6 + -3 - -4) + 5.
0
What is 12 - ((43 - 37) + 0 + 1)?
5
Evaluate -28 - -29 - (1 + 0 + 5).
-5
Evaluate 7 + -9 + 0 + (1 - -3).
2
Evaluate -2 + 3 + -3 - -5 - 4.
-1
-1 + 3 - 2 - -1 - 4
-3
Calculate 0 + 6 + -19 + 17.
4
What is the value of -5 + 2 + -1 + -2 + 1?
-5
What is the value of -2 + 0 + (-2 - 2) + 5?
-1
Evaluate -10 + (2 - (5 - 6)).
-7
What is the value of -19 + (10 - (10 - 12))?
-7
-12 - -5 - (-13 - -13)
-7
What is (-4 - -2) + (13 - 14) + 10?
7
What is the value of -10 + (3 - (0 + -5)) + -3?
-5
2 + -1 + -1 + 3
3
Evaluate 5 + -9 + -7 - -8.
-3
Calculate -1 + -1 + 4 + -7.
-5
Evaluate 1 - (-3 - -5 - 2).
1
What is 3 + -8 + 11 - -3 - 4?
5
0 - (-2 + 7) - -2
-3
1 - (-1 - (2 + 1))
5
What is 8 - (-1 - (-15 + 6))?
0
Calculate (-2 + 1 - -1) + (2 - 2).
0
Evaluate 22 + -14 - ((5 - 1) + -1).
5
Calculate (-7 - (-12 - -7)) + 7.
5
Calculate (2 - 8) + (-2 - -9).
1
Calculate 1 - (0 + -2 + 0 - -4).
-1
(-1 - -7) + 6 + -12
0
What is the value of 6 + (0 - (-1 + 0))?
7
Evaluate -13 - -7 - (2 + (-2 - 1)).
-5
What is -1 - 4 - (-3 - -3)?
-5
Calculate 9 - (11 - (-5 - -13)).
6
What is (-1 - 4) + 6 + -4 + 3?
0
What is the value of -1 - -2 - (56 - 53)?
-2
Calculate (-5 + 2 - -6) + 2.
5
-1 + 4 + 2 + -6
-1
What is 1 + (-9 - -2 - -10)?
4
Evaluate -4 + 1 + 1 - (1 - 0).
-3
Evaluate (2 - 1 - 4) + 6.
3
Calculate -2 + (-1 - -7) + 7 + -8.
3
What is the value of 5 + -2 + -2 + -6?
-5
What is 2 - 2 - 1 - (2 + -1)?
-2
4 + 2 - (2 + -6 + 4)
6
-5 - -14 - 18 - (-1 + -4)
-4
What is (2 - 5) + -1 + -2?
-6
(2 - 6) + -3 + 8 + 0
1
Evaluate 6 + 1 + (-4 - 3).
0
What is -1 - (3 - (8 + -5))?
-1
5 - (-4 + (-6 - -4 - -11))
0
4 + 0 + (-18 - -10) + 5
1
(2 - (-3 - -3)) + -4 + 0
-2
Calculate (5 - -1 - 9) + 6.
3
Calculate (-4 - -7 - 5) + -3 - 0.
-5
Calculate -11 + 4 + -14 + 25.
4
Evaluate 1 + (-1 - 3) + (-2 - 0).
-5
Calculate 3 + (-1 - 7) - -10.
5
(3 - (-17 - -5)) + -9
6
What is the value of (9 - 1 - (1 - -4)) + 2?
5
Calculate (2 - -2) + -9 - -6.
1
What is the value of -2 + 28 + (-3 - 12)?
11
(4 - (0 + 4)) + (0 - 1)
-1
What is the value of -6 - -1 - (-3 - -2)?
-4
Evaluate -7 + 0 + -1 + 7.
-1
Calculate -16 + 26 - (-4 - -20).
-6
What is the value of -8 + (-1 - (6 + -14))?
-1
1 + 3 - (13 + -6 - 9)
6
Evaluate 3 + (4 - 0) + -6 + -1.
0
5 + -1 + 2 + -6 + -7
-7
-1 - (19 + 5 + -13 + -7)
-5
-4 + 4 - (0 + 1)
-1
Calculate 4 + -8 - (20 + -25).
1
Evaluate -3 + (8 - 18) + 10.
-3
Evaluate 3 - (-1 + (-4 - -5)).
3
What is the value of (-2 - -2) + -1 - -4 - 8?
-5
Calculate (-3 - -3) + -6 + (2 - 0).
-4
What is the value of 22 + -19 - (0 + -2)?
5
What is -2 - -1 - -1 - (-1 - 2)?
3
What is the value of (-10 - -1) + 5 + (-1 - 0)?
-5
Calculate -1 + (7 - 0 - 10).
-4
What is 4 - (-11 - -6 - -13)?
-4
Evaluate 3 - 0 - (-3 + 5 + -3).
4
What is the value of 4 - (9 - 4 - -4)?
-5
Calculate 0 - (-3 - ((-5 - -6) + -5)).
-1
18 - 21 - (-1 - (-1 - -1))
-2
Evaluate 2 - (-3 + -4 - (3 + -6)).
6
Calculate 6 + (0 - 8) + -3 + 2.
-3
What is the value of 0 + 3 + 1 - 3 - 2?
-1
Evaluate -1 - (2 + 2 + (-12 - -8)).
-1
What is (38 - 40) + (8 - 2)?
4
What is -1 - (20 + -18 + (-1 - 2))?
0
Calculate 0 - (3 + (1 - (5 - 4))).
-3
Evaluate 10 + 2 + (2 - 8) + -4.
2
Calculate 0 - 0 - (6 + -11).
5
-1 + -1 + -17 + 14
-5
3 + 8 + 0 + -12
-1
What is -8 + 12 + -4 + 2 + 0?
2
Calculate 7 + (-10 - (2 + -6)).
1
What is -3 + (1 + 3 - (2 - 1))?
0
Evaluate -31 - -30 - (5 + 1).
-7
What is the value of (14 + -5 - 6) + -3?
0
1 + 6 - 8 - -1
0
Evaluate 3 - (9 - 2) - (0 - 0).
-4
-49 + 51 - (-1 + 1 + 1)
1
Calculate (2 - 0) + -10 + -1 + 6.
-3
Calculate (0 - (-1 - 1)) + -2 + 2.
2
Evaluate 2 - ((-2 - -2) + 1 + 1).
0
Calculate -4 - (12 - 24 - -2).
6
What is the value of -7 - (2 + -4 + -5) - 9?
-9
(-9 - -7) + (0 - -3)
1
Calculate -6 + -4 - -12 - (6 - 1).
-3
What is the value of -3 - (-9 + 6 - 0)?
0
Calculate 7 - 1 - 2 - (1 - 2).
5
Evaluate -1 + (-7 - -1) - (-6 + -1).
0
-8 - ((12 - 4) + -4 + -8)
-4
Evaluate (-2 - 1 - 4) + -13 + 24.
4
Calculate 0 + -2 + 1 - (6 + -12).
5
Calculate 0 + (-2 - 1) - (0 - 2).
-1
Calculate 2 + -6 - (-12 - -7).
1
Calculate (-1 - 3) + 2 - (-42 + 40).
0
Evaluate -2 + -1 - 0 - -4.
1
(2 + 2 - 1) + -2 - 6
-5
Evaluate 2 + 0 + 2 - 1 - 2.
1
What is 0 - (5 + -7 + 4) - 4?
-6
What is the value of -5 - (-2 + -3 + -2)?
2
What is 4 + (-2 + -4 - 3)?
-5
What is -3 + (-8 - -4) + 1?
-6
Calculate 0 + -6 + -1 + 5.
-2
Evaluate -2 + 3 + 2 - 10 - -1.
-6
What is the value of -1 - (5 + 0 - (-3 + 4))?
-5
What is -1 + -1 + (-7 - -1)?
-8
What is -2 + 8 + 2 + -8?
0
Calculate 1 + 3 - (24 - 11).
-9
Calculate -6 - ((-11 - -3) + (5 - 1)).
-2
Calculate 1 + (3 - 1 - 1).
2
What is the value of -4 - (10 + 9 + -30)?
7
What is -7 + (0 + -3 - -5)?
-5
What is 3 + (10 - (5 + 4))?
4
Evaluate 6 - (5 - (3 + -4)).
0
Calculate 2 - (6 - (8 + -5) - 3).
2
Evaluate -2 + 0 - (17 - 24) - -2.
7
What is (-1 - -1) + 9 + -18 + 5?
-4
What is -5 - ((-2 - -3) + (0 - 3))?
-3
Evaluate 1 - (1 + 0) - (0 - 1).
1
Evaluate 0 + 3 + 5 + -8.
0
Evaluate -20 + 15 + -5 + 13.
3
5 + -14 + 5 - (0 - -1)
-5
4 + -4 + (2 - -3)
5
Calculate 11 + -13 - (-1 - (0 + -3)).
-4
Calculate -7 - ((6 - 12) + -6) - 1.
4
What is the value of -7 - (6 + -6 + -4)?
-3
What is 13 - -1 - (5 + 4)?
5
What is -3 + 13 + -8 + -7?
-5
-1 + (-5 + 3 - 1)
-4
Calculate (-1 + -3 - (0 + 1)) + 7.
2
Calculate -2 - (-5 - -6 - 1).
-2
Calculate -2 + 0 + -4 + 8.
2
Evaluate 2 - (1 - -3) - 2.
-4
(12 - (3 + 4)) + 1
6
What is 5 + -1 - (-6 - -10)?
0
Evaluate 2 - (1 + 0 + 0 + -3).
4
Calculate (3 - 2) + (-6 - -7).
2
Calculate (22 - 15) + (3 - 9).
1
Calculate 17 - (7 - 3) - 7.
6
Evaluate -2 + 3 + 4 - -1.
6
-1 + (0 - (-2 - (-2 + 2)))
1
Calculate -2 + 2 + -1 + -2 + 5.
2
What is the value of 13 - 1 - (-1 - -14)?
-1
What is the value of (-5 - (-4 + 0) - -9) + -3?
5
What is the value of -2 - (-2 - (-5 - -1))?
-4
Calculate 1 - 0 - (3 - 2).
0
What is the value of 8 + -1 + 1 + -2 - 3?
3
Evaluate -3 + (-3 - (4 + -8 - -4)).
-6
Calculate -1 - -1 - (5 + -2).
-3
(15 + -16 - (1 + -2)) + 2
2
-4 + (0 - 2 - (16 + -17))
-5
Calculate 3 + 0 - (21 + -17).
-1
What is 2 - -2 - 0 - (0 + 5)?
-1
Calculate -3 + -5 + (-1 - -5).
-4
Evaluate -3 + -4 + 9 + -2.
0
What is the value of -1 + -2 + 6 + -3?
0
What is -1 + -4 + -5 - -5?
-5
What is the value of (7 - 9) + 4 + 1?
3
What is 1 + 3 + 0 + (-9 - -1)?
-4
Evaluate -7 - (-6 + (6 - 3) + -3).
-1
1 - 0 - (-11 - -9)
3
4 - (4 - (-1 + (-1 - 3)))
-5
What is (1 - -6) + (-4 - -2) + -2?
3
What is -4 + (12 - (3 - -1))?
4
What is -2 - -10 - (-3 - -15 - 7)?
3
(-14 + 3 - -6) + 1
-4
Calculate -21 - -19 - ((-2 - -2) + -7).
5
(-8 - -2) + (-2 + 7 - 4)
-5
Calculate -5 - -17 - 7 - 4.
1
Evaluate 4 - (-8 - -3 - -7).
2
Evaluate 5 + 7 + -14 + (-2 - -3).
-1
Evaluate 3 - (2 + -3) - 7.
-3
What is -6 + 1 + (8 - 3)?
0
Calculate (-2 + -1 - 0) + 5.
2
Evaluate 2 - (-2 - -6) - (-41 - -38).
1
What is -11 + (4 - (-4 - -4))?
-7
What is the value of -23 + 35 - (-2 + 0 + 3)?
11
Evaluate 15 + -9 + -5 + 4.